 tens digit of 318344396?
9
What is the ten thousands digit of 281864582?
6
What is the tens digit of 23050111?
1
What is the hundreds digit of 169375703?
7
What is the hundred thousands digit of 335111039?
1
What is the hundred thousands digit of 99728457?
7
What is the thousands digit of 31954338?
4
What is the thousands digit of 1458899720?
9
What is the hundreds digit of 205479896?
8
What is the tens digit of 536174522?
2
What is the hundred thousands digit of 1626010526?
0
What is the hundred millions digit of 198365288?
1
What is the ten thousands digit of 48732362?
3
What is the millions digit of 20521501?
0
What is the thousands digit of 300625483?
5
What is the hundreds digit of 2888715704?
7
What is the tens digit of 240850056?
5
What is the millions digit of 24543063?
4
What is the hundred millions digit of 615516971?
6
What is the ten millions digit of 2154604553?
5
What is the units digit of 250967821?
1
What is the hundred millions digit of 991057696?
9
What is the hundred thousands digit of 157525240?
5
What is the thousands digit of 34541403?
1
What is the ten millions digit of 78077020?
7
What is the millions digit of 917201437?
7
What is the thousands digit of 2682570374?
0
What is the tens digit of 474270878?
7
What is the thousands digit of 6532994686?
4
What is the hundred millions digit of 778502408?
7
What is the hundred thousands digit of 567989?
5
What is the ten thousands digit of 32420860?
2
What is the hundred thousands digit of 2504866767?
8
What is the hundreds digit of 403359322?
3
What is the units digit of 77240762?
2
What is the hundred thousands digit of 2138561458?
5
What is the ten millions digit of 539814026?
3
What is the thousands digit of 7125754?
5
What is the hundred thousands digit of 936558029?
5
What is the hundred thousands digit of 124267626?
2
What is the hundreds digit of 5376897496?
4
What is the ten thousands digit of 316115921?
1
What is the millions digit of 6555015269?
5
What is the hundred thousands digit of 22046515?
0
What is the millions digit of 13571298?
3
What is the units digit of 352199189?
9
What is the millions digit of 56090146?
6
What is the millions digit of 5648253454?
8
What is the units digit of 1435306137?
7
What is the units digit of 392759508?
8
What is the hundred thousands digit of 803201810?
2
What is the tens digit of 358864224?
2
What is the ten thousands digit of 1024981745?
8
What is the ten millions digit of 191418708?
9
What is the hundred millions digit of 342694210?
3
What is the tens digit of 191711367?
6
What is the ten thousands digit of 9789515?
8
What is the hundreds digit of 125373726?
7
What is the tens digit of 143103392?
9
What is the tens digit of 20117967?
6
What is the ten thousands digit of 189740912?
4
What is the hundreds digit of 115838488?
4
What is the hundred millions digit of 1931905124?
9
What is the thousands digit of 391042276?
2
What is the millions digit of 401755891?
1
What is the hundred thousands digit of 45260527?
2
What is the ten thousands digit of 113313298?
1
What is the units digit of 4047804811?
1
What is the hundred millions digit of 142751163?
1
What is the hundreds digit of 123050920?
9
What is the millions digit of 1613527136?
3
What is the tens digit of 1329455677?
7
What is the tens digit of 797265829?
2
What is the units digit of 11302006?
6
What is the ten thousands digit of 77699071?
9
What is the millions digit of 1029058658?
9
What is the units digit of 41293682?
2
What is the ten millions digit of 40158654?
4
What is the millions digit of 76588895?
6
What is the thousands digit of 50561352?
1
What is the thousands digit of 603964130?
4
What is the tens digit of 966313666?
6
What is the units digit of 227763826?
6
What is the hundred thousands digit of 2761867215?
8
What is the millions digit of 21093161?
1
What is the hundred thousands digit of 49624489?
6
What is the units digit of 117596777?
7
What is the billions digit of 2544377178?
2
What is the ten thousands digit of 56569004?
6
What is the billions digit of 2470455974?
2
What is the tens digit of 25245361?
6
What is the ten millions digit of 23688786?
2
What is the hundred millions digit of 220384149?
2
What is the millions digit of 1053171095?
3
What is the hundred millions digit of 547383731?
5
What is the units digit of 373351028?
8
What is the ten thousands digit of 5907731?
0
What is the hundreds digit of 49559511?
5
What is the hundreds digit of 55370198?
1
What is the tens digit of 890001524?
2
What is the hundreds digit of 58907164?
1
What is the units digit of 108632720?
0
What is the units digit of 39870816?
6
What is the billions digit of 2111824147?
2
What is the hundred thousands digit of 5782099244?
0
What is the hundred millions digit of 313795181?
3
What is the billions digit of 6036755967?
6
What is the hundred thousands digit of 279989330?
9
What is the units digit of 6372760994?
4
What is the millions digit of 785607977?
5
What is the ten thousands digit of 4769308?
6
What is the millions digit of 185785918?
5
What is the millions digit of 580418800?
0
What is the ten thousands digit of 152447279?
4
What is the ten thousands digit of 759391496?
9
What is the millions digit of 17897310?
7
What is the hundred thousands digit of 4274412572?
4
What is the hundred millions digit of 332639020?
3
What is the hundred thousands digit of 133517343?
5
What is the hundreds digit of 1053093876?
8
What is the ten millions digit of 80019967?
8
What is the millions digit of 235782830?
5
What is the hundred thousands digit of 541192381?
1
What is the hundreds digit of 69909877?
8
What is the millions digit of 100185625?
0
What is the hundred thousands digit of 2628160650?
1
What is the hundred thousands digit of 1073016941?
0
What is the thousands digit of 135305349?
5
What is the hundred millions digit of 4135083189?
1
What is the hundreds digit of 713837913?
9
What is the thousands digit of 537808367?
8
What is the tens digit of 70966281?
8
What is the ten millions digit of 1896680423?
9
What is the millions digit of 578616526?
8
What is the units digit of 49146669?
9
What is the hundreds digit of 4389027079?
0
What is the ten millions digit of 20182245?
2
What is the ten millions digit of 357100634?
5
What is the tens digit of 23636670?
7
What is the millions digit of 160508367?
0
What is the ten thousands digit of 133513981?
1
What is the units digit of 159251665?
5
What is the hundreds digit of 32049060?
0
What is the thousands digit of 72238956?
8
What is the ten millions digit of 701748319?
0
What is the thousands digit of 3563276287?
6
What is the millions digit of 33792143?
3
What is the ten thousands digit of 1842628097?
2
What is the units digit of 280889236?
6
What is the ten millions digit of 1497126893?
9
What is the ten millions digit of 3119385410?
1
What is the ten thousands digit of 11075833?
7
What is the hundred thousands digit of 904155140?
1
What is the tens digit of 2512828819?
1
What is the hundreds digit of 637211357?
3
What is the ten thousands digit of 530940375?
4
What is the ten millions digit of 75934729?
7
What is the units digit of 17959329?
9
What is the thousands digit of 2792064?
2
What is the thousands digit of 1820391442?
1
What is the ten thousands digit of 403498464?
9
What is the hundred thousands digit of 91511124?
5
What is the ten millions digit of 2865837597?
6
What is the hundreds digit of 50872793?
7
What is the thousands digit of 40277392?
7
What is the ten millions digit of 26717400?
2
What is the ten millions digit of 77868392?
7
What is the hundred millions digit of 225756141?
2
What is the millions digit of 146201489?
6
What is the hundreds digit of 1124601501?
5
What is the tens digit of 890125532?
3
What is the thousands digit of 2548213018?
3
What is the hundreds digit of 66396416?
4
What is the thousands digit of 327108480?
8
What is the hundred thousands digit of 56369316?
3
What is the thousands digit of 8527264?
7
What is the ten thousands digit of 2397106025?
0
What is the millions digit of 84265096?
4
What is the ten thousands digit of 2270973514?
7
What is the units digit of 1095380776?
6
What is the thousands digit of 92353777?
3
What is the hundreds digit of 33761929?
9
What is the hundr